m = -9 + 4. What is u(m)?
-5
Suppose d = 2*b + 4 - 15, 9 = 2*b - 3*d. Let l(f) = -f + 14. Let j be l(b). Suppose 0 = 2*o + 4 - j. Let c(n) = -2*n - 2. Calculate c(o).
-6
Let y(d) = d**2 + 30*d - 6. Let f be -27 + -8*(-10)/40 + -5. Determine y(f).
-6
Let b(f) be the first derivative of -f**3/3 - 11*f**2/2 - 8*f - 68967. Let l(v) = v**3 + 3*v**2 - v + 3. Let q be l(-4). What is b(q)?
10
Let l = 1144 - 1605. Let r = -466 - l. Let i(h) = -2*h**2 - 6*h - 7. Calculate i(r).
-27
Let h(s) = 2*s**3 - 6*s**2 - 5*s - 6. Suppose 0 = -3780*k + 3789*k. Determine h(k).
-6
Let o(b) = -b + 13. Let x be 2/(-8 - -6) - 2. Let v(k) = -2*k + 17. Let z(s) = x*v(s) + 4*o(s). Give z(3).
7
Let s(b) = -15*b**3 - 5*b**2 - 5*b - 2. Let n = -3263 - -3262. What is s(n)?
13
Let s(w) = 8*w + 100. Suppose 5*r - 11 = 1562*u - 1559*u, 5*u = -3*r - 75. Determine s(u).
4
Let v(x) be the third derivative of -x**5/60 - 3*x**4/4 - 20*x**3/3 - 10235*x**2. Determine v(-15).
5
Let l(q) = 4*q - 13. Let j(u) = 4 - 24*u + 11*u + 11*u + 3. Let t(g) = 7*j(g) + 4*l(g). What is t(4)?
5
Suppose 2*r + 3 = h + 1, -5*h = -3*r + 25. Let w(j) = -j**2 - 7*j + 13. Let u be w(h). Let v(l) = 0*l**2 + 5 - 6*l - l**3 + 10*l**2 - u*l**2. Calculate v(4).
-3
Let o(s) = -5*s - 20. Let q(u) = 14*u + 57. Let x(f) = -11*o(f) - 4*q(f). Let t be -3 - -2 - (-5 + 3). Let a be (1 - (-3)/t)/(18/(-27)). What is x(a)?
-2
Let m(r) = 33*r + 2. Let p(b) = 35*b + 18. Let g(i) = -m(i) + p(i). Calculate g(-12).
-8
Let f(p) = -5*p**2 + 20*p - 2. Suppose -x = -5*n + 1, 14*x + 10 = 17*x - 2*n. What is f(x)?
-2
Let z(i) = 54*i**2 - 2*i + 8. Let y(l) = 54*l**2 - 3*l + 12. Let p(r) = 2*y(r) - 3*z(r). Suppose 0 = 5*u - 1 - 4. Calculate p(u).
-54
Let x(z) = -z**3 - 9*z**2 - 7*z + 9. Suppose -24*p + 28*p = 40. Let d be (p/(-4))/(-5)*0. Suppose 2*j + d*j = 3*k - 28, -j - 16 = -2*k. Give x(j).
1
Let g(d) = 41*d + 0*d**2 + 4*d**2 + d**3 - 21*d + 0*d**2 + 11 - 16*d. What is g(-4)?
-5
Let h be (70 - 89)/(-1 + 0). Let l(i) = -2*i**2 + 37*i + 12. Give l(h).
-7
Let i(k) be the first derivative of -k**3/3 - 14*k**2 - 90*k + 202. Determine i(-24).
6
Let w(t) be the third derivative of -17*t**4/6 - 340*t**3/3 + 22*t**2 + 139*t. What is w(-10)?
0
Let m(r) be the third derivative of r**4/12 + r**3 - r**2. Let h = 1507 - 1469. Suppose 39*n - h*n - 5*o + 9 = 0, 0 = 4*o - 4. Calculate m(n).
-2
Let s(h) = -372*h + 5961. Let m be s(16). Let d(g) be the first derivative of g**3/3 - 11*g**2/2 + 6*g + 1. Calculate d(m).
-12
Let k(y) = -3*y**3 + 32*y**2 + 14*y + 28. Let i(c) = -c**3 + 15*c**2 + 8*c + 13. Let t(d) = -5*i(d) + 2*k(d). Give t(-10).
11
Let v(t) = -t**2 + 12*t - 23. Let u = -727 + 1275. Let y = -538 + u. Determine v(y).
-3
Let z(f) be the first derivative of 2*f**2 - 3*f + 22 - 5/3*f**3. Determine z(1).
-4
Let y(p) = -p**3 - 7*p**2 - p - 6. Let o = 37 + -32. Suppose -o*i = -10*i + 190. Let x = -45 + i. Determine y(x).
1
Let w(z) = -2*z**3 - z**2 + 2*z + 3. Let q be (10 + -6)*185/148*(-2)/5. Calculate w(q).
11
Let h(o) = 63 + 13*o + 54 - 110. Determine h(-5).
-58
Suppose -1122 = -282*q + 95*q. Let c(k) = 12*k - 1 - 3*k - 8*k**2 - 1 + k**3. Determine c(q).
-20
Let g(t) = -7*t + 17. Suppose -18*m + 210*m - 1152 = 0. Calculate g(m).
-25
Let l(h) = -h**2 + 17*h**2 + 265 - 8*h**2 - 10*h**2 - 266 - 64*h. Give l(-32).
-1
Let b(s) = 393*s - 208 - 266*s - 115*s. Determine b(17).
-4
Let d(t) = 4*t**2 + 37*t + 40. Let l(k) = -6*k**2 - 55*k - 63. Let v(r) = 8*d(r) + 5*l(r). Calculate v(-10).
-5
Suppose -3*g = 5*j - 1, -44*g = 3*j - 43*g + 1. Let d(t) = 4*t**3 + 2*t**2 + 4*t + 1. Determine d(j).
-5
Let s(c) be the first derivative of 159 - c - 3/2*c**2. Calculate s(9).
-28
Let j(l) = 14*l**2 + 2*l + 1. Let h(i) = 12*i**2 + i + 1. Suppose -8 + 40 = 8*n. Let u(f) = n*h(f) - 3*j(f). Give u(1).
5
Let u(a) be the first derivative of 2*a**3/3 - a**2 - 5*a - 1. Let b = 39431 - 39433. Give u(b).
7
Let x be (-5)/(1 - 0) + -30 + 37. Suppose -31*t = -2*v - 32*t, -x*v - 3*t + 8 = 0. Let d(b) = -b**2 - 4*b - 2. Determine d(v).
2
Let v(n) = 4*n + 0*n**3 + 4*n**2 + 27 - n**3 - 24 + 3*n. Let s(h) = -h**2 - 41*h - 372. Let y be s(-27). Determine v(y).
-27
Let b be (-28)/6*(-3*(-4)/22 + 22386/23452). Let q(d) = 5*d**2 + 5 - 4*d**2 + 4*d + 7*d**2 + d**3. Give q(b).
26
Let l(w) = -w**2 + 11*w + 2. Let q(k) = -k**2 + 10*k + 2. Let j(m) = -6*l(m) + 7*q(m). Let s = -833 + 299. Let b = -531 - s. What is j(b)?
5
Let s(a) = 5*a + 189. Let i(d) = -24*d - 1031. Let z(u) = 2*i(u) + 11*s(u). Determine z(-3).
-4
Let v(j) be the second derivative of 1/2*j**2 + 1/12*j**4 + 0 + 0*j**3 + 18*j. Give v(4).
17
Let h(n) = -n**2 - n + 1. Let u be (-1)/6 - ((-51)/(-18) - 0). Let z be h(u). Let k(g) be the second derivative of 5*g**3/6 + 3*g**2 + 29*g. What is k(z)?
-19
Let s(x) = 7*x + 400*x**2 + 44 + 2*x - 401*x**2 + 2*x - 3*x. What is s(12)?
-4
Let p(q) be the second derivative of q**5/20 - q**4/3 - q**3/3 + 3*q**2/2 - 113*q - 1. Let h be 18*(3/6)/1. Let t = h - 6. What is p(t)?
-12
Let c(i) = i - 11. Suppose -3*x + 11 = -p, 0 = -x - 0*p - 3*p + 17. Suppose -x*n + 2*a = 5*a - 15, 49 = 4*n - 5*a. Determine c(n).
-5
Suppose -4*u + 5*a = 54 + 51, -3*a + 3 = 0. Let p = -23 - u. Let z(l) = 1 + 0 - l**p + 3*l**2. What is z(1)?
3
Let d(b) = 2*b - 4*b**3 - 1177 + 3534 - 1175 + 5*b**3 - 1179 - 8*b**2. Give d(7).
-32
Let k(h) = -h**2 + 6*h + 11. Let f be (-110)/((-50)/5) - 13. Determine k(f).
-5
Let k be (-6)/(-4)*4*6/(-18). Let p be 1 + k - (12 - 12). Let g be (1 + (-1 - p/2))*-4. Let a(w) = 9*w. Give a(g).
-18
Let r(c) = -c**3 + 3*c**2 + 2*c - 1. Suppose 52 = 12*l + 16. Calculate r(l).
5
Let q(f) = 0*f + 12 + 33*f**2 - 32*f**2 - 13*f + 23*f. Determine q(-5).
-13
Let x(r) = r**2 - 5*r - 3. Suppose -4*p = 2*o - o - 22, 0 = 5*o - 2*p - 220. Let z = -31 + o. Suppose 21 = 2*u + z. Calculate x(u).
-3
Let x(y) = y - 9. Let z(p) = 4*p - 39. Let i(a) = 9*x(a) - 2*z(a). Let d(h) = -5*h + 8. Let u(v) = -d(v) - 3*i(v). Calculate u(7).
15
Let u(d) be the second derivative of d**3/6 - d**2/2 + 396*d + 1. Let z = 3 + 0. Suppose -2*j + g = -7, -3*j + 8 = -4*g + z*g. Give u(j).
0
Suppose -2*p + 5*l = -22, p - 1 = 4*l + 16. Let r(n) = 28*n - 13*n - 8*n. What is r(p)?
7
Let c(w) = 3*w - 3. Suppose 36 = 5*o + 11. Suppose -5 = -o*q, -6 = 2*m - 2*q - 16. What is c(m)?
15
Let b(o) = -356*o**3 + 182*o**3 + 184*o**3. Calculate b(1).
10
Let k(y) be the second derivative of -5/3*y**3 - 129*y + 1/20*y**5 + 5/12*y**4 + 0 - 19/2*y**2. Give k(-6).
5
Let d = 4803 - 4801. Let k(t) = -4*t**3 + 3*t**2 - 3*t + 4. Determine k(d).
-22
Let i(a) = -109 - 116 - 2*a - 112 + 341. Let b be (-9)/2 + (-5)/10. Calculate i(b).
14
Suppose -26 = -4*r - 3*l, -3 + 1 = -2*r + 4*l. Let p be 3 + (3 - r)/2. Suppose -p*x = -6*x + 4. Let f(t) = t**3 - 2*t**2 + t - 1. What is f(x)?
-1
Suppose -50 = -2*u - 4*s, 3*s + 19 = 7. Suppose -12*d + u = 69. Let p(v) be the first derivative of v**4/4 + 5*v**3/3 + 3*v**2/2 + 4*v + 5. Determine p(d).
13
Let v(c) = -3*c**2 - 9*c + 2 + 8*c**2 - c + 5*c + 11*c. Determine v(3).
65
Let k(s) = -56 - 6*s - 1635*s**2 + 1634*s**2 + 5*s**3 - 59 + 111. What is k(-1)?
-4
Let u(m) = m**2 - 3*m - 6. Let b be u(4). Let w(g) = 1. Let z(y) = 4*y - 5 + 12*y - 1 - 29*y. Let t(r) = 3*w(r) + z(r). Calculate t(b).
23
Suppose 2*b + 4*o = -8 - 2, 4*b - 24 = 3*o. Let n(j) = -2*j**2 + 6*j - 10. Let t(g) = g**2 - 2*g + 5. Let f(s) = b*n(s) + 5*t(s). Calculate f(5).
10
Let q(c) = c**2 - 10*c + 13. Suppose -2*w = -6*w + 2*h + 172, 0 = 4*w - 5*h - 178. Suppose 3*u = 6*i - 2*i - w, -i + 3 = 3*u. What is q(i)?
4
Let m(i) = -501*i + 1016*i + 7 - 6 - 516*i + 6. Let u be 2/(0/(-1) - -1). Suppose -1 = u*h - 7. Give m(h).
4
Let u(r) = -2*r - 2*r**3 - 2*r**3 + 0*r + 2*r**3 - 184*r**2 + 16*r**2 + 171*r**2 - 1. Suppose -4*b = -3*b - 2. Calculate u(b).
-9
Let p(k) = 3*k - 27*k + 23*k. Let w(i) = i**2 + 12*i + 4. Let c be w(-12). Calculate p(c).
-4
Let r(t) = t**3 - t**2 + 9*t + 5. Let y be r(4). Let m(l) = 7 - 58*l + y*l - 26*l. Give m(-5).
-18
Let i(a) be the first derivative of -a**3/2 - 2*a**2 + 49*a + 7. Let s(k) be the first derivative of i(k). Give s(-9).
23
Suppose 26*i + 243 = 17*i. Let k be 9/(-2)*12/i. Let u(o) = o**3 - 5 - 2*o + 11 - 6. Calculate u(k).
4
Suppose -475 = -45*x + 64*x. Let l(u) = -u**3 - 26*u**2 - 24*u + 25. Give l(x).
0
Let b(q) be th